{"id":3381,"date":"2022-01-30T14:51:13","date_gmt":"2022-01-30T14:51:13","guid":{"rendered":"https:\/\/fondazioneprogettoperlavita.it\/?page_id=3381"},"modified":"2022-01-30T14:58:49","modified_gmt":"2022-01-30T14:58:49","slug":"privacy-policy","status":"publish","type":"page","link":"https:\/\/fondazioneprogettoperlavita.it\/?page_id=3381","title":{"rendered":"Privacy Policy"},"content":{"rendered":"<p class=\"western\" align=\"center\"><b><span style=\"font-family: Arial, serif;\"><span style=\"font-size: small;\">PRIVACY POLICY<\/span><\/span><\/b><\/p>\n<p class=\"western\" align=\"justify\"><span style=\"font-family: Arial, serif;\"><span style=\"font-size: small;\">In questa pagina si descrivono le modalit\u00e0 di gestione del sito in riferimento al trattamento dei dati personali degli utenti che lo consultano.<\/span><\/span><\/p>\n<p class=\"western\" align=\"justify\"><span style=\"font-family: Arial, serif;\"><span style=\"font-size: small;\">Si tratta di un&#8217;informativa che \u00e8 resa ai sensi degli artt. 13 e 14 del GDPR 2016\/679 e della normativa nazionale vigente, a coloro che interagiscono con i servizi web di Fondazione Progetto per la vita onlus accessibili per via telematica a partire dagli indirizzi:www.https:\/\/fondazioneprogettoperlavita.it\/ corrispondente alla pagina iniziale del sito ufficiale di Rete Empori Solidali Emilia-Romagna.<\/span><\/span><\/p>\n<p class=\"western\" align=\"justify\"><span style=\"font-family: Arial, serif;\"><span style=\"font-size: small;\">L&#8217;informativa \u00e8 resa solo per il sito di Fondazione Progetto per la vita onlus e non anche per altri siti web eventualmente consultati dall&#8217;utente tramite link.<\/span><\/span><\/p>\n<p class=\"western\" align=\"justify\"><span style=\"font-family: Arial, serif;\"><span style=\"font-size: small;\">L&#8217;informativa si ispira anche alla Raccomandazione n. 2\/2001 che le autorit\u00e0 europee per la protezione dei dati personali, riunite nel Gruppo istituito dall&#8217;art. 29 della direttiva n. 95\/46\/CE, hanno adottato il 17 maggio 2001 per individuare alcuni requisiti minimi per la raccolta di dati personali on-line, e, in particolare, le modalit\u00e0, i tempi e la natura delle informazioni che i titolari del trattamento devono fornire agli utenti quando questi si collegano a pagine web, indipendentemente dagli scopi del collegamento.<\/span><\/span><\/p>\n<p class=\"western\" align=\"justify\"><span style=\"font-family: Arial, serif;\"><span style=\"font-size: small;\"><b>1. Il \u201cTitolare\u201d del trattamento<\/b><\/span><\/span><\/p>\n<p class=\"western\" align=\"justify\"><span style=\"font-family: Arial, serif;\"><span style=\"font-size: small;\">A seguito della consultazione di questo sito possono essere trattati dati relativi a persone identificate o identificabili.<\/span><\/span><\/p>\n<p class=\"western\" align=\"justify\"><span style=\"font-family: Arial, serif;\"><span style=\"font-size: small;\">Il &#8220;<\/span><\/span><span style=\"color: #7030a0;\"><span style=\"font-family: Arial, serif;\"><span style=\"font-size: small;\">T<\/span><\/span><\/span><span style=\"font-family: Arial, serif;\"><span style=\"font-size: small;\">itolare&#8221; del loro trattamento \u00e8 Fondazione Progetto per la vita onlus, con sede in Carpi 8 ( Mo) Via Peruzzi 22.<\/span><\/span><b> <\/b><\/p>\n<p class=\"western\" align=\"justify\"><span style=\"font-family: Arial, serif;\"><span style=\"font-size: small;\"><b>2. Luogo di trattamento dei dati<\/b><\/span><\/span><\/p>\n<p class=\"western\" align=\"justify\"><span style=\"font-family: Arial, serif;\"><span style=\"font-size: small;\">I trattamenti connessi ai servizi web di questo sito hanno luogo presso la predetta sede dell\u2019associazione e sono curati solo da personale tecnico incaricato del trattamento.<\/span><\/span><\/p>\n<p class=\"western\" align=\"justify\"><span style=\"font-family: Arial, serif;\"><span style=\"font-size: small;\">Nessun dato derivante dal servizio web viene comunicato o diffuso. <\/span><\/span><\/p>\n<p class=\"western\" align=\"justify\"><span style=\"font-family: Arial, serif;\"><span style=\"font-size: small;\">I dati personali forniti dagli utenti che inoltrano richieste di invio di materiale informativo (mailing list, form di contatto, risposte a quesiti, ecc.) o utilizzati per fare una donazione sono utilizzati al solo fine di eseguire il servizio o la prestazione richiesta, o per la finalit\u00e0 in ogni caso indicata, e non sono comunicati a terzi.<\/span><\/span><\/p>\n<p class=\"western\" align=\"justify\"><span style=\"font-family: Arial, serif;\"><span style=\"font-size: small;\"><b>3. Tipologia di dati trattati e finalit\u00e0 del trattamento<\/b><\/span><\/span><\/p>\n<p class=\"western\" align=\"justify\"><span style=\"font-family: Arial, serif;\"><span style=\"font-size: small;\"><b>3.1 Dati di navigazione<\/b><\/span><\/span><\/p>\n<p class=\"western\" align=\"justify\"><span style=\"font-family: Arial, serif;\"><span style=\"font-size: small;\">I sistemi informatici e le procedure software preposte al funzionamento di questo sito web acquisiscono, nel corso del loro normale esercizio, alcuni dati personali la cui trasmissione \u00e8 implicita nell&#8217;uso dei protocolli di comunicazione di Internet.<\/span><\/span><\/p>\n<p class=\"western\" align=\"justify\"><span style=\"font-family: Arial, serif;\"><span style=\"font-size: small;\">Si tratta di informazioni che non sono raccolte per essere associate a interessati identificati, ma che per loro stessa natura potrebbero, attraverso elaborazioni ed associazioni con dati detenuti da terzi, permettere di identificare gli utenti.<\/span><\/span><\/p>\n<p class=\"western\" align=\"justify\"><span style=\"font-family: Arial, serif;\"><span style=\"font-size: small;\">In questa categoria di dati rientrano gli indirizzi IP o i nomi a dominio dei computer utilizzati dagli utenti che si connettono al sito, gli indirizzi in notazione URI (Uniform Resource Identifier) delle risorse richieste, l&#8217;orario della richiesta, il metodo utilizzato nel sottoporre la richiesta al server, la dimensione del file ottenuto in risposta, il codice numerico indicante lo stato della risposta data dal server (buon fine, errore, ecc.) ed altri parametri relativi al sistema operativo e all&#8217;ambiente informatico dell&#8217;utente.<\/span><\/span><\/p>\n<p class=\"western\" align=\"justify\"><span style=\"font-family: Arial, serif;\"><span style=\"font-size: small;\">Questi dati vengono utilizzati al solo fine di ricavare informazioni statistiche anonime sull&#8217;uso del sito e per controllarne il corretto funzionamento e vengono cancellati immediatamente dopo l&#8217;elaborazione. I dati potrebbero essere utilizzati per l&#8217;accertamento di responsabilit\u00e0 in caso di ipotetici reati informatici ai danni del sito: salva questa eventualit\u00e0, allo stato i dati sui contatti web non persistono per pi\u00f9 di sette giorni.<\/span><\/span><\/p>\n<p class=\"western\" align=\"justify\"><span style=\"font-family: Arial, serif;\"><span style=\"font-size: small;\"><b>3.2 Dati forniti volontariamente dall&#8217;utente<\/b><\/span><\/span><\/p>\n<p class=\"western\" align=\"justify\"><span style=\"font-family: Arial, serif;\"><span style=\"font-size: small;\">L\u2019invio facoltativo, esplicito e volontario di posta elettronica agli indirizzi indicati su questo sito, anche attraverso la compilazione di specifici form, comporta la successiva acquisizione dell\u2019indirizzo del mittente, necessario per rispondere alle richieste, nonch\u00e9 degli eventuali altri dati personali inseriti nella missiva.<\/span><\/span><\/p>\n<p class=\"western\" align=\"justify\"><span style=\"font-family: Arial, serif;\"><span style=\"font-size: small;\">Previ specifici e preventivi consensi (ove richiesto), i dati saranno trattati per le seguenti finalit\u00e0:<\/span><\/span><\/p>\n<ol>\n<li>\n<p align=\"justify\"><span style=\"font-family: Arial, serif;\"><span style=\"font-size: small;\">Evasione di richieste d\u2019informazioni e di segnalazioni di qualsiasi genere, inviate anche attraverso Form di contatto;<\/span><\/span><\/p>\n<\/li>\n<li>\n<p class=\"western\" align=\"justify\"><span style=\"font-family: Arial, serif;\"><span style=\"font-size: small;\">Gestione dell\u2019E-recruitment e\/o di altre forme di collaborazione professionale;<\/span><\/span><\/p>\n<\/li>\n<li>\n<p align=\"justify\"><span style=\"font-family: Arial, serif;\"><span style=\"font-size: small;\">Invio di comunicazioni promozionali e materiale informativo con modalit\u00e0 di contatto automatizzate e non automatizzate, aventi ad oggetto contenuti analoghi a quelli del presente sito web, se iscritti all\u2019apposito servizio;<\/span><\/span><\/p>\n<\/li>\n<\/ol>\n<p class=\"western\" align=\"justify\"><span style=\"font-family: Arial, serif;\"><span style=\"font-size: small;\">Eventuali e specifiche informative saranno progressivamente riportate o visualizzate nelle pagine del sito predisposte per particolari servizi a richiesta.<\/span><\/span><\/p>\n<p class=\"western\" align=\"justify\"><span style=\"font-family: Arial, serif;\"><span style=\"font-size: small;\"><b>3.3 Base giuridica del trattamento<\/b><\/span><\/span><\/p>\n<p class=\"western\" align=\"justify\"><span style=\"font-family: Arial, serif;\"><span style=\"font-size: small;\">Il trattamento dei dati ha come base giuridica: per ci\u00f2 che riguarda i dati forniti volontariamente dall\u2019utente, il consenso dell\u2019interessato, nonch\u00e9 ove applicabile, l\u2019esecuzione di un contratto; per ci\u00f2 che riguarda i dati di navigazione, il legittimo interesse dei Titolari al monitoraggio dell\u2019uso del sito e del suo corretto funzionamento.<\/span><\/span><\/p>\n<p class=\"western\" align=\"justify\"><span style=\"font-family: Arial, serif;\"><span style=\"font-size: small;\"><b>3.4 Cookies, plugins e servizi di interazione con piattaforme esterne<\/b><\/span><\/span><\/p>\n<p class=\"western\" align=\"justify\"><span style=\"color: #000000;\"><span style=\"font-family: Arial, serif;\"><span style=\"font-size: small;\">Informativa completa sull\u2019uso dei cookies e dei servizi di interazione con le piattaforme (es. Social Network) esterne da parte di questo sito \u00e8 disponibile al seguente link:<\/span><\/span><\/span><\/p>\n<p class=\"western\" align=\"justify\"><a href=\"https:\/\/fondazioneprogettoperlavita.it\/?page_id=3383\"><span style=\"color: #0070c0;\"><span style=\"font-family: Arial, serif;\"><span style=\"font-size: small;\"><u>Cookie Policy del sito www.https:\/\/fondazioneprogettoperlavita.it\/<\/u><\/span><\/span><\/span><span style=\"color: #999999;\"><span style=\"font-family: Arial, serif;\"><span style=\"font-size: small;\"><i>&nbsp;<\/i><\/span><\/span><\/span><\/a><\/p>\n<p class=\"western\" align=\"justify\"><span style=\"font-family: Arial, serif;\"><span style=\"font-size: small;\"><b>4. Facoltativit\u00e0 del conferimento dei dati<\/b><\/span><\/span><\/p>\n<p class=\"western\" align=\"justify\"><span style=\"font-family: Arial, serif;\"><span style=\"font-size: small;\">A parte quanto specificato per i dati di navigazione, l&#8217;utente \u00e8 libero di fornire i dati personali riportati nei moduli di richiesta o comunque indicati in contatti per sollecitare l&#8217;invio della newsletter, di materiale informativo o di altre comunicazioni.<\/span><\/span><\/p>\n<p class=\"western\" align=\"justify\"><span style=\"font-family: Arial, serif;\"><span style=\"font-size: small;\">Il loro mancato conferimento pu\u00f2 comportare l&#8217;impossibilit\u00e0 di ottenere quanto richiesto.<\/span><\/span><\/p>\n<p class=\"western\" align=\"justify\"><span style=\"font-family: Arial, serif;\"><span style=\"font-size: small;\"><b>5. Modalit\u00e0 del trattamento<\/b><\/span><\/span><\/p>\n<p class=\"western\" align=\"justify\"><span style=\"font-family: Arial, serif;\"><span style=\"font-size: small;\">I dati personali sono trattati con strumenti automatizzati per il tempo strettamente necessario a conseguire gli scopi per cui sono stati raccolti.<\/span><\/span><\/p>\n<p class=\"western\" align=\"justify\"><span style=\"font-family: Arial, serif;\"><span style=\"font-size: small;\">Specifiche misure di sicurezza sono osservate per prevenire la perdita dei dati, usi illeciti o non corretti ed accessi non autorizzati.<\/span><\/span><\/p>\n<p class=\"western\" align=\"justify\"><span style=\"font-family: Arial, serif;\"><span style=\"font-size: small;\"><b>7. Comunicazione dei dati<\/b><\/span><\/span><\/p>\n<p class=\"western\" align=\"justify\"><span style=\"font-family: Arial, serif;\"><span style=\"font-size: small;\">Ferme restando le comunicazioni e diffusioni effettuate in esecuzione di obblighi di legge, tutti i dati raccolti ed elaborati potranno essere comunicati a:<\/span><\/span><\/p>\n<ol>\n<li style=\"list-style-type: none;\">\n<ul>\n<li>\n<p class=\"western\" align=\"justify\"><span style=\"font-family: Arial, serif;\"><span style=\"font-size: small;\">Professionisti e consulenti, in particolare soggetti che forniscono servizi per la gestione del sistema informativo e delle reti di telecomunicazioni (compresa la posta elettronica);<\/span><\/span><\/p>\n<\/li>\n<\/ul>\n<\/li>\n<\/ol>\n<ol start=\"6\">\n<li style=\"list-style-type: none;\">\n<ul>\n<li>\n<p class=\"western\" align=\"justify\"><span style=\"font-family: Arial, serif;\"><span style=\"font-size: small;\">Enti Pubblici e privati, anche a seguito di ispezioni o verifiche come, ad esempio: Amministrazione Finanziaria, Organi di Polizia Tributaria, Autorit\u00e0 Giudiziarie, Ufficio italiano Cambi, Ispettorato del Lavoro, ASL, Enti Previdenziali, ENASARCO, Camera di Commercio, etc.;<\/span><\/span><\/p>\n<\/li>\n<li>\n<p class=\"western\" align=\"justify\"><a name=\"_Hlk86478283\"><\/a> <span style=\"font-family: Arial, serif;\"><span style=\"font-size: small;\">Soggetti che possono accedervi in forza di disposizione di legge;<\/span><\/span><\/p>\n<\/li>\n<\/ul>\n<\/li>\n<\/ol>\n<p class=\"western\" align=\"justify\"><span style=\"font-family: Arial, serif;\"><span style=\"font-size: small;\"><b>8. Trasferimento delle tue informazioni all&#8217;estero<\/b><\/span><\/span><\/p>\n<p class=\"western\" align=\"justify\"><a name=\"_Hlk86478404\"><\/a> <span style=\"font-family: Arial, serif;\"><span style=\"font-size: small;\">I dati personali forniti, immessi tramite questo sito web, potranno essere trasferiti ad altri paesi da noi o da nostri agenti allo scopo di assolvere agli obblighi contrattuali e dagli adempimenti obbligatori di comunicazione intra-gruppo e\/o franchising, nel pieno rispetto degli art. dal 44 e s.s. del GDPR 2016\/679, o per motivi esclusivamente tecnici legati alla struttura del Sistema Informativo aziendale e\/o all\u2019applicazione di misure di sicurezza tecniche e organizzative ritenute idonee dal Titolare (cit. art. 32 GDPR 2016\/679) .<\/span><\/span><\/p>\n<p class=\"western\" align=\"justify\"><span style=\"font-family: Arial, serif;\"><span style=\"font-size: small;\"><b>9. Diritti degli interessati<\/b><\/span><\/span><\/p>\n<p class=\"western\" align=\"justify\"><span style=\"font-family: Arial, serif;\"><span style=\"font-size: small;\">I soggetti cui si riferiscono i dati personali hanno il diritto in qualunque momento di ottenere la conferma dell&#8217;esistenza o meno dei medesimi dati e di conoscerne il contenuto e l&#8217;origine, verificarne l&#8217;esattezza o chiederne l&#8217;integrazione o l&#8217;aggiornamento, oppure la rettificazione (artt. 15-22 GDPR 2016\/679 e normativa nazionale vigente).<\/span><\/span><\/p>\n<p class=\"western\" align=\"justify\"><span style=\"font-family: Arial, serif;\"><span style=\"font-size: small;\"><b>10. Diritto di Reclamo<\/b><\/span><\/span><\/p>\n<p class=\"western\" align=\"justify\"><span style=\"font-family: Arial, serif;\"><span style=\"font-size: small;\">Gli interessati che ritengono che il trattamento dei dati personali a loro riferiti effettuato attraverso questo sito avvenga in violazione di quanto previsto dal GDPR 2016\/679 hanno il<\/span><\/span><span style=\"font-family: Arial, serif;\"><span style=\"font-size: small;\"> diritto di proporre reclamo al Garante per la protezione dei dati personali, come previsto dall&#8217;art. 77 del <\/span><\/span><span style=\"font-family: Arial, serif;\"><span style=\"font-size: small;\">GDPR <\/span><\/span><span style=\"font-family: Arial, serif;\"><span style=\"font-size: small;\">2016\/679 stesso, o di adire le opportune sedi giudiziarie (art. 79 del <\/span><\/span><span style=\"font-family: Arial, serif;\"><span style=\"font-size: small;\">GDPR <\/span><\/span><span style=\"font-family: Arial, serif;\"><span style=\"font-size: small;\">2016\/679).<\/span><\/span><\/p>\n<p class=\"western\" align=\"justify\"><span style=\"font-family: Arial, serif;\"><span style=\"font-size: small;\"><b>11. Riferimenti legali<\/b><\/span><\/span><\/p>\n<p class=\"western\" align=\"justify\"><span style=\"font-family: Arial, serif;\"><span style=\"font-size: small;\">Avviso agli Utenti europei: la presente informativa privacy \u00e8 redatta in adempimento degli obblighi previsti degli artt. 13 e 14 del GDPR 2016\/679, nonch\u00e9 a quanto previsto dalla Direttiva 2002\/58\/CE, come aggiornata dalla Direttiva 2009\/136\/CE, in materia di Cookie. Questa informativa privacy riguarda esclusivamente questo sito web.<\/span><\/span><\/p>\n<p class=\"western\" align=\"justify\"><span style=\"font-family: Arial, serif;\"><span style=\"font-size: small;\"><b>10. Tempi di conservazione dei dati:<\/b><\/span><\/span><\/p>\n<p class=\"western\" align=\"justify\"><span style=\"font-family: Arial, serif;\"><span style=\"font-size: small;\">I dati forniti verranno conservati presso i nostri archivi secondo i seguenti parametri:<\/span><\/span><\/p>\n<ul>\n<li>\n<p class=\"western\" align=\"justify\"><span style=\"font-family: Arial, serif;\"><span style=\"font-size: small;\">Per gli eventuali dati forniti volontariamente: fino all\u2019evasione del servizio <\/span><\/span><span style=\"font-family: Arial, serif;\"><span style=\"font-size: small;\">(\u201cprincipio di limitazione della conservazione\u201d, art.5 del <\/span><\/span><span style=\"font-family: Arial, serif;\"><span style=\"font-size: small;\">GDPR <\/span><\/span><span style=\"font-family: Arial, serif;\"><span style=\"font-size: small;\">2016\/679)<\/span><\/span><span style=\"font-family: Arial, serif;\"><span style=\"font-size: small;\"> o in base alle scadenze previste dalle norme di Legge.<\/span><\/span><\/p>\n<\/li>\n<li>\n<p class=\"western\" align=\"justify\"><span style=\"font-family: Arial, serif;\"><span style=\"font-size: small;\">Per le finalit\u00e0 di marketing: 24 mesi.<\/span><\/span><\/p>\n<\/li>\n<\/ul>\n<p class=\"western\" align=\"justify\"><span style=\"font-family: Arial, serif;\"><span style=\"font-size: small;\">La verifica sulla obsolescenza dei dati conservati in relazione alle finalit\u00e0 per cui sono stati raccolti viene effettuata periodicamente.<\/span><\/span><\/p>\n<p class=\"western\" align=\"justify\"><span style=\"font-family: Arial, serif;\"><span style=\"font-size: small;\"><b>Per maggiori informazioni puoi contattare il Titolare del trattamento:<\/b><\/span><\/span><\/p>\n<p class=\"western\" align=\"justify\"><span style=\"font-family: Arial, serif;\"><span style=\"font-size: small;\">Fondazione Progetto per la vita onlus<\/span><\/span><\/p>\n<p class=\"western\" align=\"justify\"><span style=\"font-family: Arial, serif;\"><span style=\"font-size: small;\">Via Peruzzi 22<\/span><\/span><\/p>\n<p class=\"western\" align=\"justify\"><span style=\"font-family: Arial, serif;\"><span style=\"font-size: small;\">41012 Carpi <\/span><\/span><\/p>\n<p class=\"western\" align=\"justify\"><span style=\"font-family: Arial, serif;\"><span style=\"font-size: small;\">c.f: 90035960369<\/span><\/span><\/p>\n<p class=\"western\" align=\"justify\"><span style=\"font-family: Arial, serif;\"><span style=\"font-size: small;\">Email: info@fondazioneprogettoperlavita.it<\/span><\/span><\/p>\n<p class=\"western\" align=\"justify\"><a name=\"_Hlk86476709\"><\/a> <span style=\"font-family: Arial, serif;\"><span style=\"font-size: small;\">pec: <a class=\"western\" href=\"mailto:fondazionedopodinoicarpi@legalmail.it\">fondazionedopodinoicarpi@legalmail.it<\/a><\/span><\/span><\/p>\n<p class=\"western\" align=\"justify\"><span style=\"font-family: Arial, serif;\"><span style=\"font-size: small;\">https:\/\/fondazioneprogettoperlavita.it\/<\/span><\/span><\/p>\n<p class=\"western\" align=\"justify\">&nbsp;<\/p>\n<p class=\"western\" align=\"justify\"><span style=\"font-family: Arial, serif;\"><span style=\"font-size: small;\">Ultima modifica: 30\/01\/2022<\/span><\/span><\/p>\n","protected":false},"excerpt":{"rendered":"<p>PRIVACY POLICY In questa pagina si descrivono le modalit\u00e0 di gestione del sito in riferimento al trattamento dei dati personali degli utenti che lo consultano. Si tratta di un&#8217;informativa che \u00e8 resa ai sensi degli artt. 13 e 14 del GDPR 2016\/679 e della normativa nazionale vigente, a coloro che interagiscono con i servizi web [&hellip;]<\/p>\n","protected":false},"author":6,"featured_media":0,"parent":0,"menu_order":0,"comment_status":"closed","ping_status":"closed","template":"","meta":{"ngg_post_thumbnail":0,"footnotes":""},"class_list":["post-3381","page","type-page","status-publish","hentry"],"_links":{"self":[{"href":"https:\/\/fondazioneprogettoperlavita.it\/index.php?rest_route=\/wp\/v2\/pages\/3381"}],"collection":[{"href":"https:\/\/fondazioneprogettoperlavita.it\/index.php?rest_route=\/wp\/v2\/pages"}],"about":[{"href":"https:\/\/fondazioneprogettoperlavita.it\/index.php?rest_route=\/wp\/v2\/types\/page"}],"author":[{"embeddable":true,"href":"https:\/\/fondazioneprogettoperlavita.it\/index.php?rest_route=\/wp\/v2\/users\/6"}],"replies":[{"embeddable":true,"href":"https:\/\/fondazioneprogettoperlavita.it\/index.php?rest_route=%2Fwp%2Fv2%2Fcomments&post=3381"}],"version-history":[{"count":3,"href":"https:\/\/fondazioneprogettoperlavita.it\/index.php?rest_route=\/wp\/v2\/pages\/3381\/revisions"}],"predecessor-version":[{"id":3387,"href":"https:\/\/fondazioneprogettoperlavita.it\/index.php?rest_route=\/wp\/v2\/pages\/3381\/revisions\/3387"}],"wp:attachment":[{"href":"https:\/\/fondazioneprogettoperlavita.it\/index.php?rest_route=%2Fwp%2Fv2%2Fmedia&parent=3381"}],"curies":[{"name":"wp","href":"https:\/\/api.w.org\/{rel}","templated":true}]}}