{"id":3035,"date":"2021-04-15T18:23:14","date_gmt":"2021-04-15T18:23:14","guid":{"rendered":"http:\/\/www.fondazioneprogettoperlavita.it\/?page_id=3035"},"modified":"2022-02-14T09:26:31","modified_gmt":"2022-02-14T09:26:31","slug":"news-care-residence","status":"publish","type":"page","link":"https:\/\/fondazioneprogettoperlavita.it\/?page_id=3035","title":{"rendered":"news care residence"},"content":{"rendered":"<h4 class=\"western\"><span style=\"color: #0f9cd8;\">VISITA CARE RESIDENCE<\/span><\/h4>\n<h2 class=\"western\"><span style=\"color: #0f9cd8;\"><b>La visita al nuovo Care Residence ex Cappuccina<\/b><\/span><\/h2>\n<h3 class=\"western\"><b>Due appartamenti saranno a disposizione dei progetti di autonomia<\/b><\/h3>\n<p align=\"justify\">&nbsp;<\/p>\n<p class=\"western\" align=\"justify\">Luned\u00ec 1 marzo una delegazione del Consiglio di Amministrazione della Fondazione Progetto per la vita ha fatto visita al cantiere del nuovo Care residence che sta sorgendo in zona acquedotto a Carpi. Erano presenti anche l\u2019assessore Tamara Calzolari e la responsabile del Servizi Sociali Sabrina Tellini. Nell\u2019ambito del nuovo Care Residence di via Nuova Ponente, i cui lavori termineranno a settembre, ci sono infatti anche due appartamenti destinati specificatamente ai progetti di autonomia e di vita indipendente per disabili.<\/p>\n<p class=\"western\" align=\"justify\">Nello specifico, i due appartamenti saranno gestiti dalla stessa Fondazione Progetto per la vita: \u201cSi tratta di un traguardo per noi molto importante \u2013 commenta il presidente Sergio Saltini -. Ora siamo in attesa di firmare la convenzione con il Comune, quale ente proprietario, e l\u2019Asp, quale ente gestore di tutta la struttura.<\/p>\n<p class=\"western\" align=\"justify\">Si tratta di due appartamenti: uno (frutto dell\u2019unione di due pi\u00f9 piccoli) \u00e8 destinato ad accogliere cinque ragazzi pi\u00f9 l\u2019educatore notturno di sorveglianza, nell\u2019ottica della prosecuzione dei progetti di autonomia \u2018fuori casa\u2019. Il secondo, sullo stesso pianerottolo, \u00e8 rivolto invece ad un\u2019esperienza di co-housing per due ragazzi\u201d.<\/p>\n<p class=\"western\" align=\"justify\">Per agevolare l\u2019abitabilit\u00e0 da parte dei ragazzi con difficolt\u00e0, \u201cintendiamo arredare le cucine con la domotica evoluta, molto inclusiva &#8211; chiosa Saltini -. In questa prospettiva pensiamo di lanciare una raccolta fondi per contribuire alle spese per l\u2019arredamento\u201d.<\/p>\n<p class=\"western\" align=\"justify\">I due appartamenti fanno parte del nuovo complesso che dovrebbe divenire operativo a inizio 2022: \u201cOltre al progetto per favore l\u2019autonomia dei ragazzi disabili \u2013 prosegue Tamara Calzolari, assessore ai Servizi Sociali \u2013 il Care Residence ospiter\u00e0 due centri diurni per anziani (\u2018Borgofortino\u2019 e \u2018Il Carpine\u2019) e altri 12 appartamenti \u2018assistiti\u2019 per persone fragili ma autosufficienti. Saranno messi a disposizione degli appartamenti e dei loro residenti una serie di servizi come la lavanderia, le pulizie, la consegna dei pasti e l\u2019animazione negli spazi comuni. Inoltre, \u00e8 prevista una palestra per favorire la riabilitazione delle persone con necessit\u00e0\u201d.<\/p>\n<p class=\"western\" align=\"justify\">Proprio nei giorni scorsi questi spazi in particolare sono stati oggetto di un sopralluogo con una rappresentanza della Fondazione Dopo di Noi. \u201cSi tratta di ambienti accoglienti, luminosi, ampi. Sar\u00e0 presente anche personale socio-sanitario dedicato che monitorer\u00e0 in caso di bisogno.<\/p>\n<p class=\"western\" align=\"justify\">Infine, la presenza di un\u2019area verde interna, di un orto collettivo e la collocazione a fi anco dell\u2019area ex-Cappuccina dove sta sorgendo un grande parco, sono elementi che rendono la struttura particolarmente accogliente e idonea per progetti di sostegno alla fragilit\u00e0 di anziani e disabili\u201d.<\/p>\n","protected":false},"excerpt":{"rendered":"<p>VISITA CARE RESIDENCE La visita al nuovo Care Residence ex Cappuccina Due appartamenti saranno a disposizione dei progetti di autonomia &nbsp; Luned\u00ec 1 marzo una delegazione del Consiglio di Amministrazione della Fondazione Progetto per la vita ha fatto visita al cantiere del nuovo Care residence che sta sorgendo in zona acquedotto a Carpi. Erano presenti [&hellip;]<\/p>\n","protected":false},"author":6,"featured_media":0,"parent":0,"menu_order":0,"comment_status":"closed","ping_status":"closed","template":"","meta":{"ngg_post_thumbnail":0,"footnotes":""},"class_list":["post-3035","page","type-page","status-publish","hentry"],"_links":{"self":[{"href":"https:\/\/fondazioneprogettoperlavita.it\/index.php?rest_route=\/wp\/v2\/pages\/3035"}],"collection":[{"href":"https:\/\/fondazioneprogettoperlavita.it\/index.php?rest_route=\/wp\/v2\/pages"}],"about":[{"href":"https:\/\/fondazioneprogettoperlavita.it\/index.php?rest_route=\/wp\/v2\/types\/page"}],"author":[{"embeddable":true,"href":"https:\/\/fondazioneprogettoperlavita.it\/index.php?rest_route=\/wp\/v2\/users\/6"}],"replies":[{"embeddable":true,"href":"https:\/\/fondazioneprogettoperlavita.it\/index.php?rest_route=%2Fwp%2Fv2%2Fcomments&post=3035"}],"version-history":[{"count":4,"href":"https:\/\/fondazioneprogettoperlavita.it\/index.php?rest_route=\/wp\/v2\/pages\/3035\/revisions"}],"predecessor-version":[{"id":3424,"href":"https:\/\/fondazioneprogettoperlavita.it\/index.php?rest_route=\/wp\/v2\/pages\/3035\/revisions\/3424"}],"wp:attachment":[{"href":"https:\/\/fondazioneprogettoperlavita.it\/index.php?rest_route=%2Fwp%2Fv2%2Fmedia&parent=3035"}],"curies":[{"name":"wp","href":"https:\/\/api.w.org\/{rel}","templated":true}]}}

<h4 class="western"><span style="color: #0f9cd8;">VISITA CARE RESIDENCE</span></h4>
<h2 class="western"><span style="color: #0f9cd8;"><b>La visita al nuovo Care Residence ex Cappuccina</b></span></h2>
<h3 class="western"><b>Due appartamenti saranno a disposizione dei progetti di autonomia</b></h3>
<p align="justify">&nbsp;</p>
<p class="western" align="justify">Lunedì 1 marzo una delegazione del Consiglio di Amministrazione della Fondazione Progetto per la vita ha fatto visita al cantiere del nuovo Care residence che sta sorgendo in zona acquedotto a Carpi. Erano presenti anche l’assessore Tamara Calzolari e la responsabile del Servizi Sociali Sabrina Tellini. Nell’ambito del nuovo Care Residence di via Nuova Ponente, i cui lavori termineranno a settembre, ci sono infatti anche due appartamenti destinati specificatamente ai progetti di autonomia e di vita indipendente per disabili.</p>
<p class="western" align="justify">Nello specifico, i due appartamenti saranno gestiti dalla stessa Fondazione Progetto per la vita: “Si tratta di un traguardo per noi molto importante – commenta il presidente Sergio Saltini -. Ora siamo in attesa di firmare la convenzione con il Comune, quale ente proprietario, e l’Asp, quale ente gestore di tutta la struttura.</p>
<p class="western" align="justify">Si tratta di due appartamenti: uno (frutto dell’unione di due più piccoli) è destinato ad accogliere cinque ragazzi più l’educatore notturno di sorveglianza, nell’ottica della prosecuzione dei progetti di autonomia ‘fuori casa’. Il secondo, sullo stesso pianerottolo, è rivolto invece ad un’esperienza di co-housing per due ragazzi”.</p>
<p class="western" align="justify">Per agevolare l’abitabilità da parte dei ragazzi con difficoltà, “intendiamo arredare le cucine con la domotica evoluta, molto inclusiva &#8211; chiosa Saltini -. In questa prospettiva pensiamo di lanciare una raccolta fondi per contribuire alle spese per l’arredamento”.</p>
<p class="western" align="justify">I due appartamenti fanno parte del nuovo complesso che dovrebbe divenire operativo a inizio 2022: “Oltre al progetto per favore l’autonomia dei ragazzi disabili – prosegue Tamara Calzolari, assessore ai Servizi Sociali – il Care Residence ospiterà due centri diurni per anziani (‘Borgofortino’ e ‘Il Carpine’) e altri 12 appartamenti ‘assistiti’ per persone fragili ma autosufficienti. Saranno messi a disposizione degli appartamenti e dei loro residenti una serie di servizi come la lavanderia, le pulizie, la consegna dei pasti e l’animazione negli spazi comuni. Inoltre, è prevista una palestra per favorire la riabilitazione delle persone con necessità”.</p>
<p class="western" align="justify">Proprio nei giorni scorsi questi spazi in particolare sono stati oggetto di un sopralluogo con una rappresentanza della Fondazione Dopo di Noi. “Si tratta di ambienti accoglienti, luminosi, ampi. Sarà presente anche personale socio-sanitario dedicato che monitorerà in caso di bisogno.</p>
<p class="western" align="justify">Infine, la presenza di un’area verde interna, di un orto collettivo e la collocazione a fi anco dell’area ex-Cappuccina dove sta sorgendo un grande parco, sono elementi che rendono la struttura particolarmente accogliente e idonea per progetti di sostegno alla fragilità di anziani e disabili”.</p>

<p>VISITA CARE RESIDENCE La visita al nuovo Care Residence ex Cappuccina Due appartamenti saranno a disposizione dei progetti di autonomia &nbsp; Lunedì 1 marzo una delegazione del Consiglio di Amministrazione della Fondazione Progetto per la vita ha fatto visita al cantiere del nuovo Care residence che sta sorgendo in zona acquedotto a Carpi. Erano presenti [&hellip;]</p>
