{"id":2871,"date":"2021-04-15T13:03:24","date_gmt":"2021-04-15T13:03:24","guid":{"rendered":"http:\/\/www.fondazioneprogettoperlavita.it\/?page_id=2871"},"modified":"2021-04-15T13:03:26","modified_gmt":"2021-04-15T13:03:26","slug":"progetto-sollievo","status":"publish","type":"page","link":"https:\/\/fondazioneprogettoperlavita.it\/?page_id=2871","title":{"rendered":"progetto sollievo"},"content":{"rendered":"<h2><span style=\"color: #0f9cd8;\">GIORNATE \/ WEEKEND SOLLIEVO<\/span><\/h2>\n<p>Iniziativa di sollievo per le persone con disabilit\u00e0 e le loro famiglie promossa dalla <strong>Fondazione Progetto per la Vita Onlus<\/strong> e finanziato con un contributo della <strong>Fondazione Cassa di Risparmio di Carpi<\/strong>.<\/p>\n<p>L\u2019opportunit\u00e0 offerta alla Fondazione Progetto per la Vita \u00e8 quella di poter utilizzare uno <strong>spazio abitativo, in un contesto agricolo, a Migliarina alla periferia di Carpi, idonea ad ospitare piccoli gruppi di persone con disabilit\u00e0<\/strong>.&nbsp;<br \/>\nIl progetto elaborato dalla Fondazione \u00e8 stato sottoposto ai <strong>Servizi Sociali dell\u2019Unione Terre d\u2019Argine<\/strong> e il <strong>Servizio Anziani e Fragili dell\u2019Azienda USL di Modena<\/strong>.<\/p>\n<p>Il coinvolgimento dei Servizi \u00e8 essenziale: sono loro a definire i criteri con i quali individuare le famiglie che potranno accedere al servizio, con che tempi e con quali modalit\u00e0 di aggregazione dei gruppi.<\/p>\n<p><strong>La Fondazione Progetto per la Vita \u00e8 l&#8217;ente promotore<\/strong> della realizzazione del progetto e cura in modo particolare la selezione del personale qualificato al quale affidare la gestione dei \u201csollievi\u201d nelle formule richieste.<\/p>\n<p>Sono previste infatti diverse soluzioni che vanno dalla <strong>singola giornata<\/strong> al <strong>weekend lungo<\/strong> (ovvero dal venerd\u00ec pomeriggio con l\u2019uscita dai centri al luned\u00ec mattina con il rientro sempre ai centri).<\/p>\n<p>Le opportunit\u00e0 di sollievo per la famiglia si possono <strong>coniugare con un progetto di educazione all\u2019autonomia<\/strong>.<br \/>\nNelle soluzioni che prevedono pernottamento si ipotizzano gruppi fino ad un massimo di 3 ospiti per gruppo con la presenza di 2 educatori + 1 OSS per le notti.<br \/>\nNel caso di soluzioni che prevedono la singola giornata il gruppo pu\u00f2 arrivare a 5 ospiti.<\/p>\n<p>In ogni caso le situazioni che richiedono interventi individualizzati saranno valutate a parte. \u00c8 fondamentale che l\u2019attivit\u00e0 si possa svolgere in gruppo, puntando sulla <strong>cooperazione<\/strong> tra i membri del gruppo, dopo una prima valutazione della compatibilit\u00e0 tra i soggetti implicati, la loro capacit\u00e0 di aiutarsi e la possibilit\u00e0 di <strong>creare legami stabili<\/strong> tra loro.<\/p>\n<p><strong>E\u2019 possibile contribuire al Progetto \u201csollievi\u201d sostenendo le spese generali di per il vitto, l\u2019alloggio e le utenze dell\u2019immobile che ci ospita.<\/strong><\/p>\n<p>Per informazioni: S. Saltini 347 6866589 &#8211; <a href=\"mailto:info@fondazioneprogettoperlavita.it\">info@fondazioneprogettoperlavita.it<\/a><\/p>\n","protected":false},"excerpt":{"rendered":"<p>GIORNATE \/ WEEKEND SOLLIEVO Iniziativa di sollievo per le persone con disabilit\u00e0 e le loro famiglie promossa dalla Fondazione Progetto per la Vita Onlus e finanziato con un contributo della Fondazione Cassa di Risparmio di Carpi. L\u2019opportunit\u00e0 offerta alla Fondazione Progetto per la Vita \u00e8 quella di poter utilizzare uno spazio abitativo, in un contesto [&hellip;]<\/p>\n","protected":false},"author":6,"featured_media":0,"parent":0,"menu_order":0,"comment_status":"closed","ping_status":"closed","template":"","meta":{"ngg_post_thumbnail":0,"footnotes":""},"class_list":["post-2871","page","type-page","status-publish","hentry"],"_links":{"self":[{"href":"https:\/\/fondazioneprogettoperlavita.it\/index.php?rest_route=\/wp\/v2\/pages\/2871"}],"collection":[{"href":"https:\/\/fondazioneprogettoperlavita.it\/index.php?rest_route=\/wp\/v2\/pages"}],"about":[{"href":"https:\/\/fondazioneprogettoperlavita.it\/index.php?rest_route=\/wp\/v2\/types\/page"}],"author":[{"embeddable":true,"href":"https:\/\/fondazioneprogettoperlavita.it\/index.php?rest_route=\/wp\/v2\/users\/6"}],"replies":[{"embeddable":true,"href":"https:\/\/fondazioneprogettoperlavita.it\/index.php?rest_route=%2Fwp%2Fv2%2Fcomments&post=2871"}],"version-history":[{"count":2,"href":"https:\/\/fondazioneprogettoperlavita.it\/index.php?rest_route=\/wp\/v2\/pages\/2871\/revisions"}],"predecessor-version":[{"id":3368,"href":"https:\/\/fondazioneprogettoperlavita.it\/index.php?rest_route=\/wp\/v2\/pages\/2871\/revisions\/3368"}],"wp:attachment":[{"href":"https:\/\/fondazioneprogettoperlavita.it\/index.php?rest_route=%2Fwp%2Fv2%2Fmedia&parent=2871"}],"curies":[{"name":"wp","href":"https:\/\/api.w.org\/{rel}","templated":true}]}}